{"id":283,"date":"2025-02-04T20:31:08","date_gmt":"2025-02-04T20:31:08","guid":{"rendered":"https:\/\/trendsbystylia.com\/?page_id=283"},"modified":"2025-03-21T14:03:05","modified_gmt":"2025-03-21T14:03:05","slug":"cgv","status":"publish","type":"page","link":"https:\/\/trendsbystylia.com\/pt\/cgv\/","title":{"rendered":"<p>Termos e Condi\u00e7\u00f5es Gerais de Venda<\/p>"},"content":{"rendered":"<p><strong>Pre\u00e2mbulo<\/strong><p>Estas condi\u00e7\u00f5es gerais de venda (doravante \"TCG\") regem as vendas de produtos (doravante os \"Produtos\") conclu\u00eddas por Denoyes Thibault, auto-empres\u00e1rio, cuja sede est\u00e1 localizada em Toulouse, registrado sob o n\u00famero 94003340000018 (doravante o \"Vendedor\") e qualquer pessoa f\u00edsica ou jur\u00eddica (doravante o \"Cliente\") que deseje fazer uma compra no site TrendsbyStylia.com (doravante o \"Site\").<\/p><p><strong>Artigo 1.o: Objeto<\/strong><\/p><p>O objetivo destes TCG \u00e9 definir as condi\u00e7\u00f5es sob as quais o Vendedor comercializa os Produtos aos Clientes no contexto de uma atividade de dropshipping. Aplicam-se a qualquer pedido feito no Site pelo Cliente.<\/p><p><strong>Artigo 2.o: Produtos<\/strong><\/p><p>Os Produtos colocados \u00e0 venda s\u00e3o aqueles que aparecem no site no dia da consulta pelo Cliente.\u00a0As caracter\u00edsticas essenciais dos Produtos s\u00e3o descritas no Site.\u00a0As fotografias e ilustra\u00e7\u00f5es apresentadas no Site n\u00e3o s\u00e3o contratuais e n\u00e3o podem envolver a responsabilidade do Vendedor.&nbsp;&nbsp;&nbsp;<\/p><p><strong>Artigo 3.o: Pre\u00e7o<\/strong><\/p><p>Os pre\u00e7os dos Produtos s\u00e3o indicados em euros todos os impostos inclu\u00eddos (TTC), tendo em conta o regime de IVA aplic\u00e1vel aos auto-empres\u00e1rios.\u00a0Os custos de entrega s\u00e3o indicados antes da valida\u00e7\u00e3o da encomenda e s\u00e3o da responsabilidade do Cliente. O Vendedor reserva-se o direito de alterar os pre\u00e7os a qualquer momento, mas os Produtos ser\u00e3o faturados com base em:<sup><\/sup>&nbsp;as taxas em vigor no momento da valida\u00e7\u00e3o da ordem.&nbsp;&nbsp;&nbsp;<\/p><p><strong>artigo<sup><\/sup>&nbsp;4 : Encomenda<\/strong>&nbsp;&nbsp;&nbsp;<\/p><p>O Cliente efetua uma encomenda no Site ao adicionar os Produtos ao seu cesto e ao seguir os passos do processo de encomenda. A encomenda \u00e9 firme e final quando o Cliente clica no bot\u00e3o \"Validar a encomenda\". Um email de confirma\u00e7\u00e3o da encomenda \u00e9 enviado ao Cliente.<\/p><p><strong>Artigo 5.o: Pagamento<\/strong><\/p><p>O pagamento \u00e9 efectuado online atrav\u00e9s de cart\u00e3o de cr\u00e9dito ou qualquer outro meio de pagamento disponibilizado no Site. O d\u00e9bito \u00e9 feito no momento da valida\u00e7\u00e3o da ordem. O Vendedor reserva-se o direito de suspender ou cancelar qualquer pedido no caso<sup><\/sup>&nbsp;N\u00e3o pagamento ou suspeita de fraude.&nbsp;&nbsp;&nbsp;<\/p><p><strong>Artigo 6.o: Entrega<\/strong><\/p><p>Os Produtos s\u00e3o entregues diretamente pelo fornecedor do Vendedor no endere\u00e7o indicado pelo Cliente aquando da realiza\u00e7\u00e3o da encomenda. Os prazos de entrega est\u00e3o indicados no Site e s\u00e3o indicados a t\u00edtulo indicativo.<sup><\/sup>&nbsp;O Vendedor n\u00e3o pode ser responsabilizado por atrasos na entrega imput\u00e1veis ao fornecedor.&nbsp;&nbsp;&nbsp;<\/p><p><strong>Artigo 7.o: Direitos aduaneiros e impostos<\/strong><\/p><p><strong>1. Para os clientes na Uni\u00e3o Europeia (UE):<\/strong><\/p><ul class=\"wp-block-list\">\n<li>Desde 1 de julho de 2021, o IVA \u00e9 aplic\u00e1vel a todos os bens importados para a UE, independentemente do seu valor. O IVA \u00e9 cobrado no ponto de entrada na UE e est\u00e1 inclu\u00eddo no pre\u00e7o de venda exibido no nosso s\u00edtio Web.<\/li>\n\n\n\n<li><strong>Para as remessas de valor inferior a 150 EUR:<\/strong>\n<ul class=\"wp-block-list\">\n<li>N\u00e3o ser\u00e3o aplicados direitos aduaneiros adicionais.<\/li>\n<\/ul>\n<\/li>\n\n\n\n<li><strong>Para as remessas de valor superior a 150 EUR:<\/strong>\n<ul class=\"wp-block-list\">\n<li>Podem igualmente aplicar-se direitos aduaneiros. A taxa destes direitos varia em fun\u00e7\u00e3o do tipo de produto e da sua origem.<\/li>\n\n\n\n<li>Recomendamos que informe-se sobre os regulamentos alfandeg\u00e1rios aplic\u00e1veis.<\/li>\n\n\n\n<li>Para obter uma estimativa dos custos aduaneiros, pode utilizar o simulador em linha \u00abDeclara\u00e7\u00e3o aduaneira\u00bb:&nbsp;<a href=\"https:\/\/www.google.com\/url?sa=E&amp;source=gmail&amp;q=https:\/\/declare-douane.beta.gouv.fr\/\" target=\"_blank\" rel=\"noreferrer noopener\">Simulador Declara Alf\u00e2ndegas<\/a><\/li>\n<\/ul>\n<\/li>\n<\/ul><p><strong>2. Para clientes fora da Uni\u00e3o Europeia (fora da UE):<\/strong><\/p><p>Os nossos produtos podem ser enviados a partir de armaz\u00e9ns dentro e fora da UE.<\/p><ul class=\"wp-block-list\">\n<li><strong>Se a sua encomenda for expedida de um armaz\u00e9m fora da UE:<\/strong>\n<ul class=\"wp-block-list\">\n<li>Os direitos aduaneiros e as taxas de importa\u00e7\u00e3o podem ser aplicados pelo pa\u00eds de destino. Estes custos s\u00e3o da responsabilidade do cliente e n\u00e3o est\u00e3o inclu\u00eddos no pre\u00e7o dos nossos produtos ou nos custos de entrega.<\/li>\n\n\n\n<li>Qualquer que seja o valor da encomenda, recomendamos vivamente que informe-se sobre os regulamentos aduaneiros aplic\u00e1veis no seu pa\u00eds antes de efetuar uma encomenda. Para isso, aconselhamo-lo a contactar as autoridades aduaneiras locais do seu pa\u00eds.<\/li>\n<\/ul>\n<\/li>\n\n\n\n<li><strong>Se a sua encomenda for expedida de um armaz\u00e9m na UE:<\/strong>\n<ul class=\"wp-block-list\">\n<li>O IVA est\u00e1 inclu\u00eddo no pre\u00e7o de venda. No entanto, podem aplicar-se direitos aduaneiros se o valor da encomenda for superior a 150 EUR.<\/li>\n<\/ul>\n<\/li>\n\n\n\n<li><strong>Informa\u00e7\u00f5es adicionais <\/strong>\n<ul class=\"wp-block-list\">\n<li>Os regulamentos alfandeg\u00e1rios est\u00e3o sujeitos a altera\u00e7\u00f5es. Convidamo-lo a consultar os s\u00edtios Web oficiais das autoridades aduaneiras do seu pa\u00eds para obter informa\u00e7\u00f5es mais atualizadas.<\/li>\n<\/ul>\n<\/li>\n<\/ul><p><strong>Artigo 8.o: Direito de retrata\u00e7\u00e3o<\/strong><\/p><p>De acordo com a legisla\u00e7\u00e3o em vigor, o Cliente disp\u00f5e de um prazo de 14 dias a contar da data de rece\u00e7\u00e3o<sup><\/sup>&nbsp;Produtos para exercer o seu direito de retirada, sem ter que justificar<sup><\/sup>&nbsp;motivos ou para pagar penalidades, com exce\u00e7\u00e3o dos custos de devolu\u00e7\u00e3o dos Produtos que continuam a ser da sua responsabilidade.<sup><\/sup>&nbsp;&nbsp;&nbsp;<\/p><p><strong>Artigo 9.o: Garantias<\/strong><\/p><p>Os Produtos beneficiam da garantia legal de conformidade e da garantia contra defeitos ocultos, de acordo com as disposi\u00e7\u00f5es do C\u00f3digo do Consumo.<\/p><p><strong>Artigo 10.o: Responsabilidade<\/strong><\/p><p>A responsabilidade do Vendedor est\u00e1 limitada ao pre\u00e7o dos Produtos adquiridos. O Vendedor n\u00e3o ser\u00e1 respons\u00e1vel por danos indirectos ou imateriais.<\/p><p><strong>Artigo 11.o: Propriedade intelectual<\/strong><\/p><p>Todos os elementos do Site, como textos, imagens, logotipos, s\u00e3o propriedade intelectual do Vendedor e n\u00e3o podem ser reproduzidos ou utilizados sem a sua autoriza\u00e7\u00e3o.<\/p><p><strong>Artigo 12.o: Dados pessoais<\/strong><\/p><p>Os dados pessoais do Cliente s\u00e3o recolhidos e tratados pelo Vendedor de acordo com os regulamentos em vigor relativos \u00e0 prote\u00e7\u00e3o de dados pessoais.<\/p><p><strong>Artigo 13.o: Lit\u00edgios<\/strong><\/p><p>Qualquer lit\u00edgio relativo \u00e0 interpreta\u00e7\u00e3o ou execu\u00e7\u00e3o destes TCG ser\u00e1 submetido aos tribunais competentes.<\/p><p><strong>Artigo 14.o: Altera\u00e7\u00f5es ao GTC<\/strong>&nbsp;&nbsp;&nbsp;<\/p><p>O Vendedor reserva-se o direito de modificar estes TCG a qualquer momento. O novo GTC ser\u00e1 aplic\u00e1vel a qualquer pedido feito<sup><\/sup>&nbsp;depois da sua publica\u00e7\u00e3o no Site.&nbsp;&nbsp;&nbsp;<\/p><p><\/p><p><\/p><\/p>","protected":false},"excerpt":{"rendered":"<p>Pr&eacute;ambule Les pr&eacute;sentes conditions g&eacute;n&eacute;rales de vente (ci-apr&egrave;s les &laquo;&nbsp;CGV&nbsp;&raquo;) r&eacute;gissent les ventes de produits (ci-apr&egrave;s les &laquo;&nbsp;Produits&nbsp;&raquo;) conclues par Denoyes Thibault, auto-entrepreneur, dont le si&egrave;ge social est situ&eacute; &agrave; Toulouse, immatricul&eacute; sous le num&eacute;ro 94003340000018 (ci-apr&egrave;s &laquo;&nbsp;le Vendeur&nbsp;&raquo;) et toute personne physique ou morale (ci-apr&egrave;s &laquo;&nbsp;le Client&nbsp;&raquo;) souhaitant effectuer un achat sur le site [&hellip;]<\/p>","protected":false},"author":1,"featured_media":0,"parent":0,"menu_order":0,"comment_status":"closed","ping_status":"closed","template":"","meta":{"_seopress_robots_primary_cat":"","_seopress_titles_title":"","_seopress_titles_desc":"","_seopress_robots_index":"","_gspb_post_css":"","content-type":"","jetpack_post_was_ever_published":false,"footnotes":""},"class_list":["post-283","page","type-page","status-publish","hentry"],"blocksy_meta":[],"jetpack_sharing_enabled":true,"_links":{"self":[{"href":"https:\/\/trendsbystylia.com\/pt\/wp-json\/wp\/v2\/pages\/283","targetHints":{"allow":["GET"]}}],"collection":[{"href":"https:\/\/trendsbystylia.com\/pt\/wp-json\/wp\/v2\/pages"}],"about":[{"href":"https:\/\/trendsbystylia.com\/pt\/wp-json\/wp\/v2\/types\/page"}],"author":[{"embeddable":true,"href":"https:\/\/trendsbystylia.com\/pt\/wp-json\/wp\/v2\/users\/1"}],"replies":[{"embeddable":true,"href":"https:\/\/trendsbystylia.com\/pt\/wp-json\/wp\/v2\/comments?post=283"}],"version-history":[{"count":0,"href":"https:\/\/trendsbystylia.com\/pt\/wp-json\/wp\/v2\/pages\/283\/revisions"}],"wp:attachment":[{"href":"https:\/\/trendsbystylia.com\/pt\/wp-json\/wp\/v2\/media?parent=283"}],"curies":[{"name":"wp","href":"https:\/\/api.w.org\/{rel}","templated":true}]}}

<p>Termos e Condições Gerais de Venda</p>

<p><strong>Preâmbulo</strong><p>Estas condições gerais de venda (doravante "TCG") regem as vendas de produtos (doravante os "Produtos") concluídas por Denoyes Thibault, auto-empresário, cuja sede está localizada em Toulouse, registrado sob o número 94003340000018 (doravante o "Vendedor") e qualquer pessoa física ou jurídica (doravante o "Cliente") que deseje fazer uma compra no site TrendsbyStylia.com (doravante o "Site").</p><p><strong>Artigo 1.o: Objeto</strong></p><p>O objetivo destes TCG é definir as condições sob as quais o Vendedor comercializa os Produtos aos Clientes no contexto de uma atividade de dropshipping. Aplicam-se a qualquer pedido feito no Site pelo Cliente.</p><p><strong>Artigo 2.o: Produtos</strong></p><p>Os Produtos colocados à venda são aqueles que aparecem no site no dia da consulta pelo Cliente. As características essenciais dos Produtos são descritas no Site. As fotografias e ilustrações apresentadas no Site não são contratuais e não podem envolver a responsabilidade do Vendedor.&nbsp;&nbsp;&nbsp;</p><p><strong>Artigo 3.o: Preço</strong></p><p>Os preços dos Produtos são indicados em euros todos os impostos incluídos (TTC), tendo em conta o regime de IVA aplicável aos auto-empresários. Os custos de entrega são indicados antes da validação da encomenda e são da responsabilidade do Cliente. O Vendedor reserva-se o direito de alterar os preços a qualquer momento, mas os Produtos serão faturados com base em:<sup></sup>&nbsp;as taxas em vigor no momento da validação da ordem.&nbsp;&nbsp;&nbsp;</p><p><strong>artigo<sup></sup>&nbsp;4 : Encomenda</strong>&nbsp;&nbsp;&nbsp;</p><p>O Cliente efetua uma encomenda no Site ao adicionar os Produtos ao seu cesto e ao seguir os passos do processo de encomenda. A encomenda é firme e final quando o Cliente clica no botão "Validar a encomenda". Um email de confirmação da encomenda é enviado ao Cliente.</p><p><strong>Artigo 5.o: Pagamento</strong></p><p>O pagamento é efectuado online através de cartão de crédito ou qualquer outro meio de pagamento disponibilizado no Site. O débito é feito no momento da validação da ordem. O Vendedor reserva-se o direito de suspender ou cancelar qualquer pedido no caso<sup></sup>&nbsp;Não pagamento ou suspeita de fraude.&nbsp;&nbsp;&nbsp;</p><p><strong>Artigo 6.o: Entrega</strong></p><p>Os Produtos são entregues diretamente pelo fornecedor do Vendedor no endereço indicado pelo Cliente aquando da realização da encomenda. Os prazos de entrega estão indicados no Site e são indicados a título indicativo.<sup></sup>&nbsp;O Vendedor não pode ser responsabilizado por atrasos na entrega imputáveis ao fornecedor.&nbsp;&nbsp;&nbsp;</p><p><strong>Artigo 7.o: Direitos aduaneiros e impostos</strong></p><p><strong>1. Para os clientes na União Europeia (UE):</strong></p><ul class="wp-block-list">
<li>Desde 1 de julho de 2021, o IVA é aplicável a todos os bens importados para a UE, independentemente do seu valor. O IVA é cobrado no ponto de entrada na UE e está incluído no preço de venda exibido no nosso sítio Web.</li>



<li><strong>Para as remessas de valor inferior a 150 EUR:</strong>
<ul class="wp-block-list">
<li>Não serão aplicados direitos aduaneiros adicionais.</li>
</ul>
</li>



<li><strong>Para as remessas de valor superior a 150 EUR:</strong>
<ul class="wp-block-list">
<li>Podem igualmente aplicar-se direitos aduaneiros. A taxa destes direitos varia em função do tipo de produto e da sua origem.</li>



<li>Recomendamos que informe-se sobre os regulamentos alfandegários aplicáveis.</li>



<li>Para obter uma estimativa dos custos aduaneiros, pode utilizar o simulador em linha «Declaração aduaneira»:&nbsp;<a href="https://www.google.com/url?sa=E&amp;source=gmail&amp;q=https://declare-douane.beta.gouv.fr/" target="_blank" rel="noreferrer noopener">Simulador Declara Alfândegas</a></li>
</ul>
</li>
</ul><p><strong>2. Para clientes fora da União Europeia (fora da UE):</strong></p><p>Os nossos produtos podem ser enviados a partir de armazéns dentro e fora da UE.</p><ul class="wp-block-list">
<li><strong>Se a sua encomenda for expedida de um armazém fora da UE:</strong>
<ul class="wp-block-list">
<li>Os direitos aduaneiros e as taxas de importação podem ser aplicados pelo país de destino. Estes custos são da responsabilidade do cliente e não estão incluídos no preço dos nossos produtos ou nos custos de entrega.</li>



<li>Qualquer que seja o valor da encomenda, recomendamos vivamente que informe-se sobre os regulamentos aduaneiros aplicáveis no seu país antes de efetuar uma encomenda. Para isso, aconselhamo-lo a contactar as autoridades aduaneiras locais do seu país.</li>
</ul>
</li>



<li><strong>Se a sua encomenda for expedida de um armazém na UE:</strong>
<ul class="wp-block-list">
<li>O IVA está incluído no preço de venda. No entanto, podem aplicar-se direitos aduaneiros se o valor da encomenda for superior a 150 EUR.</li>
</ul>
</li>



<li><strong>Informações adicionais </strong>
<ul class="wp-block-list">
<li>Os regulamentos alfandegários estão sujeitos a alterações. Convidamo-lo a consultar os sítios Web oficiais das autoridades aduaneiras do seu país para obter informações mais atualizadas.</li>
</ul>
</li>
</ul><p><strong>Artigo 8.o: Direito de retratação</strong></p><p>De acordo com a legislação em vigor, o Cliente dispõe de um prazo de 14 dias a contar da data de receção<sup></sup>&nbsp;Produtos para exercer o seu direito de retirada, sem ter que justificar<sup></sup>&nbsp;motivos ou para pagar penalidades, com exceção dos custos de devolução dos Produtos que continuam a ser da sua responsabilidade.<sup></sup>&nbsp;&nbsp;&nbsp;</p><p><strong>Artigo 9.o: Garantias</strong></p><p>Os Produtos beneficiam da garantia legal de conformidade e da garantia contra defeitos ocultos, de acordo com as disposições do Código do Consumo.</p><p><strong>Artigo 10.o: Responsabilidade</strong></p><p>A responsabilidade do Vendedor está limitada ao preço dos Produtos adquiridos. O Vendedor não será responsável por danos indirectos ou imateriais.</p><p><strong>Artigo 11.o: Propriedade intelectual</strong></p><p>Todos os elementos do Site, como textos, imagens, logotipos, são propriedade intelectual do Vendedor e não podem ser reproduzidos ou utilizados sem a sua autorização.</p><p><strong>Artigo 12.o: Dados pessoais</strong></p><p>Os dados pessoais do Cliente são recolhidos e tratados pelo Vendedor de acordo com os regulamentos em vigor relativos à proteção de dados pessoais.</p><p><strong>Artigo 13.o: Litígios</strong></p><p>Qualquer litígio relativo à interpretação ou execução destes TCG será submetido aos tribunais competentes.</p><p><strong>Artigo 14.o: Alterações ao GTC</strong>&nbsp;&nbsp;&nbsp;</p><p>O Vendedor reserva-se o direito de modificar estes TCG a qualquer momento. O novo GTC será aplicável a qualquer pedido feito<sup></sup>&nbsp;depois da sua publicação no Site.&nbsp;&nbsp;&nbsp;</p><p></p><p></p></p>
